se 11, what is 1 + 514?
515
In base 12, what is 0 - -341?
341
In base 13, what is 0 - -a69?
a69
In base 16, what is 2 - e?
-c
In base 14, what is 2c5 - 1?
2c4
In base 12, what is -18 - -53?
37
In base 5, what is 10200 + -1?
10144
In base 5, what is 3 - -1323?
1331
In base 12, what is -4 + -164?
-168
In base 16, what is 2 - 20?
-1e
In base 9, what is 0 - -4343?
4343
In base 5, what is 31 - 1?
30
In base 12, what is 3 - -69a?
6a1
In base 12, what is -3 + -356?
-359
In base 16, what is 23 - 5?
1e
In base 12, what is -a1 - 0?
-a1
In base 11, what is -3 - -2a?
27
In base 6, what is 4 + 5330?
5334
In base 4, what is -1100 + 11?
-1023
In base 2, what is 101 + -11010?
-10101
In base 8, what is 56 + -1?
55
In base 2, what is 100101110 + -101?
100101001
In base 5, what is 1111 + 3?
1114
In base 12, what is 3 - -18?
1b
In base 2, what is 110 + 10111?
11101
In base 9, what is -45041 - 1?
-45042
In base 13, what is -94 - -6?
-8b
In base 14, what is -1d - 1?
-20
In base 14, what is -1 + -3b0?
-3b1
In base 13, what is 4 + 779?
780
In base 4, what is 332 - -1?
333
In base 3, what is -1100211 - 100?
-1101011
In base 2, what is -101 - 10?
-111
In base 12, what is -1b - -10a?
ab
In base 7, what is 2 + 14330?
14332
In base 16, what is -19 + 1fd?
1e4
In base 12, what is 1402 + -4?
13ba
In base 7, what is -4324 - -5?
-4316
In base 7, what is 14 - 363?
-346
In base 6, what is -4 + 45?
41
In base 16, what is 3 - 12?
-f
In base 11, what is 119 + -1?
118
In base 9, what is -3 + -418?
-422
In base 3, what is -101211012 - -12?
-101211000
In base 6, what is 1312 - 5?
1303
In base 14, what is -10 - 803?
-813
In base 4, what is 11 + -10330?
-10313
In base 8, what is 227 + 21?
250
In base 8, what is -34 + -101?
-135
In base 8, what is 5 - 1504?
-1477
In base 3, what is -121 - 100?
-221
In base 3, what is 110222 - -10?
111002
In base 5, what is 40430 - 10?
40420
In base 7, what is 3 + 523?
526
In base 7, what is 121 - 3?
115
In base 7, what is -5 + 125?
120
In base 13, what is -69 + -3?
-6c
In base 2, what is -10101111 + -1?
-10110000
In base 16, what is 3bd6 - 2?
3bd4
In base 11, what is 25 - -2?
27
In base 12, what is -2 + -527?
-529
In base 4, what is -100 + -112?
-212
In base 16, what is 5 + 1c8?
1cd
In base 7, what is -5 - 6?
-14
In base 15, what is -a4 + b9?
15
In base 10, what is -2 - 84?
-86
In base 14, what is 1da - 45?
195
In base 5, what is 23 + -102114?
-102041
In base 16, what is 229 + 2?
22b
In base 14, what is -22 + a9?
87
In base 16, what is -38d - 1?
-38e
In base 11, what is 69 - -46?
104
In base 12, what is 3 + 160?
163
In base 12, what is 9 - -456?
463
In base 6, what is 2 + 110?
112
In base 2, what is -11011 + -10111101?
-11011000
In base 13, what is -3 + -2c?
-32
In base 2, what is 100 + 1101111110?
1110000010
In base 14, what is -6a + 1a?
-50
In base 3, what is 221 - -20120?
21111
In base 7, what is 11 + -1653?
-1642
In base 11, what is -1 + -3523?
-3524
In base 10, what is -665 - -3?
-662
In base 10, what is 5648 + 1?
5649
In base 6, what is -1 + 12052?
12051
In base 2, what is 1100111 - 101?
1100010
In base 12, what is 0 + 176?
176
In base 13, what is 245 + 17?
25c
In base 16, what is -6 + -2fc?
-302
In base 5, what is 12 + 143?
210
In base 11, what is -2 + -7a1?
-7a3
In base 10, what is -53 + 5?
-48
In base 8, what is -35 - -33?
-2
In base 11, what is 56 - 1?
55
In base 15, what is 4 + 133?
137
In base 9, what is 8 - 25?
-16
In base 13, what is 176 - 28?
14b
In base 6, what is -5 + -3205?
-3214
In base 7, what is -1005 - 13?
-1021
In base 15, what is 5 - -1a?
20
In base 3, what is 12001 - -1?
12002
In base 10, what is -23 + 26?
3
In base 3, what is -102 + -2101?
-2210
In base 7, what is 4 - 104?
-100
In base 4, what is 2 - 1020?
-1012
In base 5, what is 13 + -11212?
-11144
In base 8, what is 12 - 547?
-535
In base 12, what is -9b - 1?
-a0
In base 7, what is 0 + 20?
20
In base 10, what is -12 + -9?
-21
In base 15, what is -4 - -6b?
67
In base 2, what is -1101001 - -111010?
-101111
In base 6, what is -4 - 1520?
-1524
In base 11, what is -204 - 5?
-209
In base 5, what is 221 + 333?
1104
In base 7, what is 3644 + 4?
3651
In base 2, what is -101 + 110110?
110001
In base 13, what is 4 - 401?
-3ca
In base 15, what is -18 + 11?
-7
In base 14, what is 187 + 6?
18d
In base 14, what is 62 - -10?
72
In base 15, what is -19e7 - -1?
-19e6
In base 11, what is 399 + -5?
394
In base 14, what is -3 + d9a?
d97
In base 13, what is -5 + -ab?
-b3
In base 10, what is 402 - -3?
405
In base 14, what is 7a5 + -8?
79b
In base 7, what is 324 + 121?
445
In base 5, what is 1400 + -11?
1334
In base 6, what is -151 + -10?
-201
In base 8, what is -2 + 733?
731
In base 2, what is -1110011 + 11?
-1110000
In base 10, what is 458 - -7?
465
In base 7, what is 15 + -15?
0
In base 16, what is 1c9e + -1?
1c9d
In base 4, what is -3220 - 302?
-10122
In base 14, what is -5 - 2350?
-2355
In base 2, what is -100 + 1010110010?
1010101110
In base 11, what is 1a + 16?
35
In base 11, what is 11 - 1882?
-1871
In base 3, what is 21 - 111?
-20
In base 13, what is -32 + 3?
-2c
In base 12, what is 706 + 3?
709
In base 4, what is -1 + 21?
20
In base 4, what is -12 - 3112?
-3130
In base 8, what is 3411 - 2?
3407
In base 11, what is -4 - 1641?
-1645
In base 14, what is 43 + -3?
40
In base 9, what is 78 + -4?
74
In base 5, what is 101 + -120?
-14
In base 13, what is 291 + -4?
28a
In base 2, what is 11000101011 - 10?
11000101001
In base 7, what is 3001 - -3?
3004
In base 9, what is 31817 + 3?
31821
In base 11, what is 35 - 10?
25
In base 13, what is 22 - -4?
26
In base 15, what is 5a + -16?
44
In base 6, what is 22 - 54?
-32
In base 7, what is -11 + -1620?
-1631
In base 2, what is -11 + 1110?
1011
In base 10, what is 19 + 35?
54
In base 12, what is 23 + 5?
28
In base 13, what is 67 + -1?
66
In base 5, what is -2104 - -14?
-2040
In base 10, what is 13 - 309?
-296
In base 4, what is 3 - 1201?
-1132
In base 7, what is -21353 + 4?
-21346
In base 3, what is 1111 - 1222?
-111
In base 10, what is -2 - -599?
597
In base 2, what is -1000 + -11?
-1011
In base 3, what is -110 - -2100?
1220
In base 8, what is -31 - 4?
-35
In base 7, what is -614 + 15?
-566
In base 13, what is -41 + -7b?
-bc
In base 11, what is -4 - 87?
-90
In base 15, what is -258 - 0?
-258
In base 2, what is -100 + -1101?
-10001
In base 15, what is 0 - 29?
-29
In base 16, what is -1468 + 2?
-1466
In base 7, what is -203 + -142?
-345
In base 3, what is 2010122 + -1?
2010121
In base 15, what is -302 - 2?
-304
In base 5, what is -1200 + 3?
-1142
In base 13, what is -7a - 65?
-112
In base 15, what is -22 + 64?
42
In base 11, what is -10 - 90?
-a0
In base 13, what is -2 - 109?
-10b
In base 6, what is 3 - -10255?
10302
In base 9, what is -558 - 5?
-564
In base 14, what is 1b + -28?
-b
In base 9, what is -53 - 115?
-168
In base 13, what is -5 - 46?
-4b
In base 3, what is 11 - 2110?
-2022
In base 6, what is -45 + -2?
-51
In base 15, what is -5 + c?
7
In base 8, what is -15 + -3?
-20
In base 10, what is 155 + 4?
159
In base 5, what is 1042 + 1?
1043
In base 2, what is -11 - 1000111011?
-1000111110
In base 6, what is -2125 - 2?
-2131
In base 12, what is 5 - 1858?
-1853
In base 8, what is 2224 + 3?
2227
In base 16, what is c3 + -1?
c2
In base 2, what is 100 + -100110?
-100010
In base 12, what is -643 + 5?
-63a
In base 4, what is 22 - 301300?
-301212
In base 11, what is 5 + 1784?
1789
In base 13, what is -88 + 0?
-88
In base 2, what is -1101011111 - -111?
-1101011000
In base 3, what is 1212 + -120?
1022
In base 5, what is 204 - 110?
44
In base 4, what is 213031 + 2?
213033
In base 2, what is -1010111110101111 - 0?
-1010111110101111
In base 9, what is 78 - -5?
84
In base 13, what is -4 - 228?
-22c
In base 3, what is -20 - 1021101?
-1021121
In base 4, what is -13 - 20?
-33
In base 5, what is 20 - 2224?
-2204
In base 9, what is 12 - -63?
75
In base 2, what is 1 + -11000101?
-11000100
In base 2, what is 11011000 + 1?
11011001
In base 15, what is 5c15 + -5?
5c10
In base 15, what is e + -b8?
-a9
In base 14, what is 28d + 0?
28d
In base 3, what is -21122121 - 11?
-21122202
In base 3, what is -10121110 + -1?
-10121111
In base 4, what is -12000 - 21?
-12021
In base 16, what is 4 + -146?
-142
In base 15, what is -d - -2b?
1d
In base 7, what is -212 - -3?
-206
In base 3, 